{"id":376,"date":"2021-12-09T11:44:22","date_gmt":"2021-12-09T11:44:22","guid":{"rendered":"https:\/\/demosites.royal-elementor-addons.com\/drone-v1\/?page_id=376"},"modified":"2026-01-17T02:51:24","modified_gmt":"2026-01-17T02:51:24","slug":"home-drone-v1","status":"publish","type":"page","link":"https:\/\/urbantur.com.mx\/","title":{"rendered":"Home"},"content":{"rendered":"\t\t<div data-elementor-type=\"wp-page\" data-elementor-id=\"376\" class=\"elementor elementor-376\">\n\t\t\t\t\t\t<section class=\"elementor-section elementor-top-section elementor-element elementor-element-4fcb04fb elementor-section-height-full elementor-section-boxed elementor-section-height-default elementor-section-items-middle wpr-particle-no wpr-jarallax-no wpr-parallax-no wpr-sticky-section-no\" data-id=\"4fcb04fb\" data-element_type=\"section\" data-e-type=\"section\" data-settings=\"{&quot;background_background&quot;:&quot;classic&quot;}\">\n\t\t\t\t\t\t<div class=\"elementor-container elementor-column-gap-default\">\n\t\t\t\t\t<div class=\"elementor-column elementor-col-100 elementor-top-column elementor-element elementor-element-39cbe217\" data-id=\"39cbe217\" data-element_type=\"column\" data-e-type=\"column\">\n\t\t\t<div class=\"elementor-widget-wrap elementor-element-populated\">\n\t\t\t\t\t\t<div class=\"elementor-element elementor-element-777f7abf wpr-fancy-text-rotate-1 wpr-advanced-text-style-animated wpr-animated-text-infinite-yes elementor-widget elementor-widget-wpr-advanced-text\" data-id=\"777f7abf\" data-element_type=\"widget\" data-e-type=\"widget\" data-settings=\"{&quot;anim_loop&quot;:&quot;yes&quot;}\" data-widget_type=\"wpr-advanced-text.default\">\n\t\t\t\t\t\n\t\t<h3 class=\"wpr-advanced-text\">\n\n\t\t\t\t\t\n\t\t\t\t\t\t\t<span class=\"wpr-advanced-text-preffix\">Mobiliario <br> Urbano<\/span>\n\t\t\t\n\t\t<span class=\"wpr-anim-text wpr-anim-text-type-rotate-1\" data-anim-duration=\"1000,2000\" data-anim-loop=\"yes\">\n\t\t\t<span class=\"wpr-anim-text-inner\">\n\t\t\t\t\t\t\t\t\t<b>Infantil<\/b>\n\t\t\t\t\t\t\t\t\t<b>Recreativo<\/b>\n\t\t\t\t\t\t\t\t\t<b>Deportivo<\/b>\n\t\t\t\t\t\t\t<\/span>\n\t\t\t\t\t<\/span>\n\n\t\t\t\t\n\t\t<\/h3>\n\t\t\n\t\t\t\t\t\t<\/div>\n\t\t\t\t<div class=\"elementor-element elementor-element-78383379 elementor-widget elementor-widget-text-editor\" data-id=\"78383379\" data-element_type=\"widget\" data-e-type=\"widget\" data-widget_type=\"text-editor.default\">\n\t\t\t\t\t\t\t\t\t<p>Somos expertos en equipamiento para espacios al aire libre.<\/p>\t\t\t\t\t\t\t\t<\/div>\n\t\t\t\t\t<\/div>\n\t\t<\/div>\n\t\t\t\t\t<\/div>\n\t\t<\/section>\n\t\t<div class=\"elementor-element elementor-element-bfb48ab e-flex e-con-boxed wpr-particle-no wpr-jarallax-no wpr-parallax-no wpr-sticky-section-no e-con e-parent\" data-id=\"bfb48ab\" data-element_type=\"container\" data-e-type=\"container\">\n\t\t\t\t\t<div class=\"e-con-inner\">\n\t\t\t\t<div class=\"elementor-element elementor-element-b495112 elementor-widget elementor-widget-spacer\" data-id=\"b495112\" data-element_type=\"widget\" data-e-type=\"widget\" data-widget_type=\"spacer.default\">\n\t\t\t\t\t\t\t<div class=\"elementor-spacer\">\n\t\t\t<div class=\"elementor-spacer-inner\"><\/div>\n\t\t<\/div>\n\t\t\t\t\t\t<\/div>\n\t\t\t\t\t<\/div>\n\t\t\t\t<\/div>\n\t\t<div class=\"elementor-element elementor-element-4be6d39 e-flex e-con-boxed wpr-particle-no wpr-jarallax-no wpr-parallax-no wpr-sticky-section-no e-con e-parent\" data-id=\"4be6d39\" data-element_type=\"container\" data-e-type=\"container\">\n\t\t\t\t\t<div class=\"e-con-inner\">\n\t\t\t\t<div class=\"elementor-element elementor-element-5a2eb42 wpr-advanced-text-style-highlighted wpr-animated-text-infinite-yes elementor-widget elementor-widget-wpr-advanced-text\" data-id=\"5a2eb42\" data-element_type=\"widget\" data-e-type=\"widget\" data-settings=\"{&quot;anim_loop&quot;:&quot;yes&quot;}\" data-widget_type=\"wpr-advanced-text.default\">\n\t\t\t\t\t\n\t\t<h3 class=\"wpr-advanced-text\">\n\n\t\t\t\t\t\n\t\t\t\t\t\t\t<span class=\"wpr-advanced-text-preffix\">Creamos entornos<\/span>\n\t\t\t\n\t\t<span class=\"wpr-highlighted-text\">\n\t\t\t\t\t\n\t\t\t<span class=\"wpr-highlighted-text-inner\">Seguros<\/span>\n\n\t\t\t<svg xmlns=\"http:\/\/www.w3.org\/2000\/svg\" viewBox=\"0 0 500 150\" class=\"wpr-highlight-underline\" preserveAspectRatio=\"none\">\n\t\t\t\t\t\t\t\t<path d=\"M.68,28.11c110.51-22,247.46-34.55,400.89-14.68,32.94,4.27,64.42,9.74,94.37,16.09\"><\/path>\n\t\t\t\t\t\t\t<\/svg>\n\t\t\t\t\t<\/span>\n\t\t\t\t\n\t\t<\/h3>\n\t\t\n\t\t\t\t\t\t<\/div>\n\t\t\t\t\t<\/div>\n\t\t\t\t<\/div>\n\t\t<div class=\"elementor-element elementor-element-306370c e-flex e-con-boxed wpr-particle-no wpr-jarallax-no wpr-parallax-no wpr-sticky-section-no e-con e-parent\" data-id=\"306370c\" data-element_type=\"container\" data-e-type=\"container\">\n\t\t\t\t\t<div class=\"e-con-inner\">\n\t\t\t\t<div class=\"elementor-element elementor-element-f9f9698 elementor-widget elementor-widget-text-editor\" data-id=\"f9f9698\" data-element_type=\"widget\" data-e-type=\"widget\" data-widget_type=\"text-editor.default\">\n\t\t\t\t\t\t\t\t\t<p>Dise\u00f1amos, fabricamos e instalamos <strong data-start=\"479\" data-end=\"500\">mobiliario urbano<\/strong> para espacios p\u00fablicos y privados, enfocado en el <strong data-start=\"551\" data-end=\"597\">juego, la recreaci\u00f3n y la actividad f\u00edsica<\/strong>, con altos est\u00e1ndares de <strong data-start=\"623\" data-end=\"665\">seguridad, durabilidad y funcionalidad<\/strong>.<\/p><p>Nuestros productos est\u00e1n pensados para parques, escuelas, fraccionamientos, desarrollos habitacionales y espacios comunitarios que buscan <strong data-start=\"806\" data-end=\"855\">entornos seguros, inclusivos y bien planeados<\/strong>. Trabajamos con materiales resistentes a la intemperie y procesos que garantizan una larga vida \u00fatil, incluso en condiciones de uso intensivo.<\/p>\t\t\t\t\t\t\t\t<\/div>\n\t\t\t\t\t<\/div>\n\t\t\t\t<\/div>\n\t\t<div class=\"elementor-element elementor-element-eb51c49 e-flex e-con-boxed wpr-particle-no wpr-jarallax-no wpr-parallax-no wpr-sticky-section-no e-con e-parent\" data-id=\"eb51c49\" data-element_type=\"container\" data-e-type=\"container\">\n\t\t\t\t\t<div class=\"e-con-inner\">\n\t\t\t\t<div class=\"elementor-element elementor-element-42accb1 elementor-widget elementor-widget-spacer\" data-id=\"42accb1\" data-element_type=\"widget\" data-e-type=\"widget\" data-widget_type=\"spacer.default\">\n\t\t\t\t\t\t\t<div class=\"elementor-spacer\">\n\t\t\t<div class=\"elementor-spacer-inner\"><\/div>\n\t\t<\/div>\n\t\t\t\t\t\t<\/div>\n\t\t\t\t\t<\/div>\n\t\t\t\t<\/div>\n\t\t<div class=\"elementor-element elementor-element-377699211 e-flex e-con-boxed wpr-jarallax-no wpr-parallax-no wpr-sticky-section-no e-con e-parent\" data-id=\"377699211\" data-element_type=\"container\" data-e-type=\"container\" data-settings=\"{&quot;background_background&quot;:&quot;classic&quot;}\">\n\t\t\t\t\t<div class=\"e-con-inner\">\n\t\t\t\t<div class=\"elementor-element elementor-element-5e8c6468 wpr-advanced-text-style-animated wpr-fancy-text-typing wpr-animated-text-infinite-yes elementor-invisible elementor-widget elementor-widget-wpr-advanced-text\" data-id=\"5e8c6468\" data-element_type=\"widget\" data-e-type=\"widget\" data-settings=\"{&quot;_animation&quot;:&quot;zoomIn&quot;,&quot;anim_loop&quot;:&quot;yes&quot;}\" data-widget_type=\"wpr-advanced-text.default\">\n\t\t\t\t\t\n\t\t<h1 class=\"wpr-advanced-text\">\n\n\t\t\t\t\t\n\t\t\t\t\t\t\t<span class=\"wpr-advanced-text-preffix\">Soluciones<br><\/span>\n\t\t\t\n\t\t<span class=\"wpr-anim-text wpr-anim-text-type-typing wpr-anim-text-letters\" data-anim-duration=\"200,2000\" data-anim-loop=\"yes\">\n\t\t\t<span class=\"wpr-anim-text-inner\">\n\t\t\t\t\t\t\t\t\t<b>Integrales<\/b>\n\t\t\t\t\t\t\t<\/span>\n\t\t\t\t\t<\/span>\n\n\t\t\t\t\n\t\t<\/h1>\n\t\t\n\t\t\t\t\t\t<\/div>\n\t\t\t\t\t<\/div>\n\t\t\t\t<\/div>\n\t\t<div class=\"elementor-element elementor-element-1b7d36f6 e-grid e-con-boxed wpr-particle-no wpr-jarallax-no wpr-parallax-no wpr-sticky-section-no e-con e-parent\" data-id=\"1b7d36f6\" data-element_type=\"container\" data-e-type=\"container\">\n\t\t\t\t\t<div class=\"e-con-inner\">\n\t\t\t\t<div class=\"elementor-element elementor-element-1cf9efb3 elementor-position-top elementor-invisible elementor-widget elementor-widget-image-box\" data-id=\"1cf9efb3\" data-element_type=\"widget\" data-e-type=\"widget\" data-settings=\"{&quot;_animation&quot;:&quot;zoomIn&quot;}\" data-widget_type=\"image-box.default\">\n\t\t\t\t\t<div class=\"elementor-image-box-wrapper\"><figure class=\"elementor-image-box-img\"><img fetchpriority=\"high\" decoding=\"async\" width=\"928\" height=\"1053\" src=\"https:\/\/urbantur.com.mx\/wp-content\/uploads\/2026\/01\/mobiliario-infantil-columpio-01.jpg\" class=\"attachment-full size-full wp-image-1119\" alt=\"\" srcset=\"https:\/\/urbantur.com.mx\/wp-content\/uploads\/2026\/01\/mobiliario-infantil-columpio-01.jpg 928w, https:\/\/urbantur.com.mx\/wp-content\/uploads\/2026\/01\/mobiliario-infantil-columpio-01-264x300.jpg 264w, https:\/\/urbantur.com.mx\/wp-content\/uploads\/2026\/01\/mobiliario-infantil-columpio-01-902x1024.jpg 902w, https:\/\/urbantur.com.mx\/wp-content\/uploads\/2026\/01\/mobiliario-infantil-columpio-01-768x871.jpg 768w\" sizes=\"(max-width: 928px) 100vw, 928px\" \/><\/figure><div class=\"elementor-image-box-content\"><h3 class=\"elementor-image-box-title\">Mobiliario Infantil<\/h3><p class=\"elementor-image-box-description\">Juegos dise\u00f1ados para estimular el movimiento, la creatividad y la convivencia, adecuados para distintas etapas de desarrollo. Juegos modulares, columpios, resbaladillas y opciones inclusivas, fabricados con materiales seguros y resistentes.<\/p><\/div><\/div>\t\t\t\t<\/div>\n\t\t\t\t<div class=\"elementor-element elementor-element-7fe4f6d8 elementor-position-top elementor-invisible elementor-widget elementor-widget-image-box\" data-id=\"7fe4f6d8\" data-element_type=\"widget\" data-e-type=\"widget\" data-settings=\"{&quot;_animation&quot;:&quot;zoomIn&quot;,&quot;_animation_delay&quot;:100}\" data-widget_type=\"image-box.default\">\n\t\t\t\t\t<div class=\"elementor-image-box-wrapper\"><figure class=\"elementor-image-box-img\"><img decoding=\"async\" width=\"928\" height=\"1053\" src=\"https:\/\/urbantur.com.mx\/wp-content\/uploads\/2025\/12\/mobiliario-urbano-banca-01.jpg\" class=\"attachment-full size-full wp-image-1051\" alt=\"\" srcset=\"https:\/\/urbantur.com.mx\/wp-content\/uploads\/2025\/12\/mobiliario-urbano-banca-01.jpg 928w, https:\/\/urbantur.com.mx\/wp-content\/uploads\/2025\/12\/mobiliario-urbano-banca-01-264x300.jpg 264w, https:\/\/urbantur.com.mx\/wp-content\/uploads\/2025\/12\/mobiliario-urbano-banca-01-902x1024.jpg 902w, https:\/\/urbantur.com.mx\/wp-content\/uploads\/2025\/12\/mobiliario-urbano-banca-01-768x871.jpg 768w\" sizes=\"(max-width: 928px) 100vw, 928px\" \/><\/figure><div class=\"elementor-image-box-content\"><h3 class=\"elementor-image-box-title\">Mobiliario recreativo urbano<\/h3><p class=\"elementor-image-box-description\">Elementos que complementan y ordenan el espacio p\u00fablico, como bancas, mesas, p\u00e9rgolas y mobiliario de descanso. Dise\u00f1os sobrios y funcionales que favorecen la convivencia y el uso prolongado de \u00e1reas comunes.<\/p><\/div><\/div>\t\t\t\t<\/div>\n\t\t\t\t<div class=\"elementor-element elementor-element-3f91f6bb elementor-position-top elementor-invisible elementor-widget elementor-widget-image-box\" data-id=\"3f91f6bb\" data-element_type=\"widget\" data-e-type=\"widget\" data-settings=\"{&quot;_animation&quot;:&quot;zoomIn&quot;,&quot;_animation_delay&quot;:200}\" data-widget_type=\"image-box.default\">\n\t\t\t\t\t<div class=\"elementor-image-box-wrapper\"><figure class=\"elementor-image-box-img\"><img decoding=\"async\" width=\"928\" height=\"1053\" src=\"https:\/\/urbantur.com.mx\/wp-content\/uploads\/2026\/01\/mobiliario-deportivo-barras-01.jpg\" class=\"attachment-full size-full wp-image-1123\" alt=\"\" srcset=\"https:\/\/urbantur.com.mx\/wp-content\/uploads\/2026\/01\/mobiliario-deportivo-barras-01.jpg 928w, https:\/\/urbantur.com.mx\/wp-content\/uploads\/2026\/01\/mobiliario-deportivo-barras-01-264x300.jpg 264w, https:\/\/urbantur.com.mx\/wp-content\/uploads\/2026\/01\/mobiliario-deportivo-barras-01-902x1024.jpg 902w, https:\/\/urbantur.com.mx\/wp-content\/uploads\/2026\/01\/mobiliario-deportivo-barras-01-768x871.jpg 768w\" sizes=\"(max-width: 928px) 100vw, 928px\" \/><\/figure><div class=\"elementor-image-box-content\"><h3 class=\"elementor-image-box-title\">Equipamiento deportivo<\/h3><p class=\"elementor-image-box-description\">Aparatos y estructuras para la actividad f\u00edsica al aire libre, como gimnasios urbanos, estaciones de calistenia y equipamiento para canchas. Pensados para uso comunitario y de bajo mantenimiento.<\/p><\/div><\/div>\t\t\t\t<\/div>\n\t\t\t\t\t<\/div>\n\t\t\t\t<\/div>\n\t\t<div class=\"elementor-element elementor-element-6fb514a8 e-flex e-con-boxed wpr-particle-no wpr-jarallax-no wpr-parallax-no wpr-sticky-section-no e-con e-parent\" data-id=\"6fb514a8\" data-element_type=\"container\" data-e-type=\"container\">\n\t\t\t\t\t<div class=\"e-con-inner\">\n\t\t<div class=\"elementor-element elementor-element-6c0e9d51 e-flex e-con-boxed wpr-particle-no wpr-jarallax-no wpr-parallax-no wpr-sticky-section-no elementor-invisible e-con e-child\" data-id=\"6c0e9d51\" data-element_type=\"container\" data-e-type=\"container\" data-settings=\"{&quot;animation&quot;:&quot;slideInLeft&quot;}\">\n\t\t\t\t\t<div class=\"e-con-inner\">\n\t\t\t\t<div class=\"elementor-element elementor-element-7448bb1 elementor-widget elementor-widget-image\" data-id=\"7448bb1\" data-element_type=\"widget\" data-e-type=\"widget\" data-widget_type=\"image.default\">\n\t\t\t\t\t\t\t\t\t\t\t\t\t\t\t<img loading=\"lazy\" decoding=\"async\" width=\"800\" height=\"533\" src=\"https:\/\/urbantur.com.mx\/wp-content\/uploads\/2025\/12\/areas_infantiles_urbantur_mx.jpg\" class=\"attachment-large size-large wp-image-1055\" alt=\"\" srcset=\"https:\/\/urbantur.com.mx\/wp-content\/uploads\/2025\/12\/areas_infantiles_urbantur_mx.jpg 800w, https:\/\/urbantur.com.mx\/wp-content\/uploads\/2025\/12\/areas_infantiles_urbantur_mx-300x200.jpg 300w, https:\/\/urbantur.com.mx\/wp-content\/uploads\/2025\/12\/areas_infantiles_urbantur_mx-768x512.jpg 768w\" sizes=\"(max-width: 800px) 100vw, 800px\" \/>\t\t\t\t\t\t\t\t\t\t\t\t\t\t\t<\/div>\n\t\t\t\t\t<\/div>\n\t\t\t\t<\/div>\n\t\t<div class=\"elementor-element elementor-element-7a0a1370 e-flex e-con-boxed wpr-particle-no wpr-jarallax-no wpr-parallax-no wpr-sticky-section-no elementor-invisible e-con e-child\" data-id=\"7a0a1370\" data-element_type=\"container\" data-e-type=\"container\" data-settings=\"{&quot;animation&quot;:&quot;slideInRight&quot;}\">\n\t\t\t\t\t<div class=\"e-con-inner\">\n\t\t\t\t<div class=\"elementor-element elementor-element-69c90986 elementor-widget elementor-widget-heading\" data-id=\"69c90986\" data-element_type=\"widget\" data-e-type=\"widget\" data-widget_type=\"heading.default\">\n\t\t\t\t\t<h2 class=\"elementor-heading-title elementor-size-default\">Espacios confiables para todos los usuarios<\/h2>\t\t\t\t<\/div>\n\t\t\t\t<div class=\"elementor-element elementor-element-3cfa430f elementor-widget elementor-widget-text-editor\" data-id=\"3cfa430f\" data-element_type=\"widget\" data-e-type=\"widget\" data-widget_type=\"text-editor.default\">\n\t\t\t\t\t\t\t\t\t<p data-start=\"2407\" data-end=\"2666\">La seguridad es un eje central en el desarrollo de cada uno de nuestros productos. Nuestro mobiliario cumple con <strong data-start=\"2520\" data-end=\"2563\">normativas nacionales e internacionales<\/strong> aplicables a equipamiento urbano e infantil, garantizando un uso seguro para ni\u00f1os, j\u00f3venes y adultos.<\/p><p data-start=\"2668\" data-end=\"2946\">Utilizamos materiales no t\u00f3xicos, sistemas de anclaje adecuados y acabados dise\u00f1ados para resistir el desgaste, la humedad y la exposici\u00f3n solar. En el caso de \u00e1reas infantiles, consideramos zonas de impacto, alturas, distancias y superficies amortiguantes para reducir riesgos.<\/p><p data-start=\"2948\" data-end=\"3109\">Adem\u00e1s, cada proyecto contempla criterios de accesibilidad e inclusi\u00f3n, promoviendo espacios que puedan ser utilizados por la mayor cantidad de personas posible.<\/p>\t\t\t\t\t\t\t\t<\/div>\n\t\t\t\t\t<\/div>\n\t\t\t\t<\/div>\n\t\t\t\t\t<\/div>\n\t\t\t\t<\/div>\n\t\t<div class=\"elementor-element elementor-element-a7fb791 e-flex e-con-boxed wpr-particle-no wpr-jarallax-no wpr-parallax-no wpr-sticky-section-no e-con e-parent\" data-id=\"a7fb791\" data-element_type=\"container\" data-e-type=\"container\">\n\t\t\t\t\t<div class=\"e-con-inner\">\n\t\t\t\t<div class=\"elementor-element elementor-element-d14497d elementor-widget elementor-widget-spacer\" data-id=\"d14497d\" data-element_type=\"widget\" data-e-type=\"widget\" data-widget_type=\"spacer.default\">\n\t\t\t\t\t\t\t<div class=\"elementor-spacer\">\n\t\t\t<div class=\"elementor-spacer-inner\"><\/div>\n\t\t<\/div>\n\t\t\t\t\t\t<\/div>\n\t\t\t\t\t<\/div>\n\t\t\t\t<\/div>\n\t\t\t\t<section class=\"elementor-section elementor-top-section elementor-element elementor-element-57424168 elementor-section-boxed elementor-section-height-default elementor-section-height-default wpr-particle-no wpr-jarallax-no wpr-parallax-no wpr-sticky-section-no\" data-id=\"57424168\" data-element_type=\"section\" data-e-type=\"section\">\n\t\t\t\t\t\t<div class=\"elementor-container elementor-column-gap-extended\">\n\t\t\t\t\t<div class=\"elementor-column elementor-col-50 elementor-top-column elementor-element elementor-element-2caad6f0\" data-id=\"2caad6f0\" data-element_type=\"column\" data-e-type=\"column\">\n\t\t\t<div class=\"elementor-widget-wrap elementor-element-populated\">\n\t\t\t\t\t\t<div class=\"elementor-element elementor-element-50edacb6 elementor-widget elementor-widget-heading\" data-id=\"50edacb6\" data-element_type=\"widget\" data-e-type=\"widget\" data-widget_type=\"heading.default\">\n\t\t\t\t\t<h2 class=\"elementor-heading-title elementor-size-default\">\u00bfQu\u00e9 tipo de mobiliario necesitas?<\/h2>\t\t\t\t<\/div>\n\t\t\t\t<div class=\"elementor-element elementor-element-43245788 elementor-widget elementor-widget-text-editor\" data-id=\"43245788\" data-element_type=\"widget\" data-e-type=\"widget\" data-widget_type=\"text-editor.default\">\n\t\t\t\t\t\t\t\t\t<p>Tomamos en consideraci\u00f3n las necesidades de tu proyecto para ofrecer la mejor soluci\u00f3n de mobiliario.<\/p>\t\t\t\t\t\t\t\t<\/div>\n\t\t\t\t<div class=\"elementor-element elementor-element-120f8119 wpr-button-icon-style-inline wpr-button-icon-position-right elementor-widget elementor-widget-wpr-button\" data-id=\"120f8119\" data-element_type=\"widget\" data-e-type=\"widget\" data-widget_type=\"wpr-button.default\">\n\t\t\t\t\t\t\n\t\t\t\n\t\t\n\t\t<div class=\"wpr-button-wrap elementor-clearfix\">\n\t\t<div class=\"wpr-button wpr-button-effect wpr-button-none\" data-text=\"\">\n\t\t\t\n\t\t\t<span class=\"wpr-button-content\">\n\t\t\t\t\t\t\t\t\t<span class=\"wpr-button-text\">Saber M\u00e1s<\/span>\n\t\t\t\t\t\t\t\t\n\t\t\t\t\t\t\t<\/span>\n\t\t<\/div>\n\n\t\t\t\t<\/div>\n\t\n\t\n\t\t\t\t\t<\/div>\n\t\t\t\t\t<\/div>\n\t\t<\/div>\n\t\t\t\t<div class=\"elementor-column elementor-col-50 elementor-top-column elementor-element elementor-element-4f0a03f\" data-id=\"4f0a03f\" data-element_type=\"column\" data-e-type=\"column\">\n\t\t\t<div class=\"elementor-widget-wrap elementor-element-populated\">\n\t\t\t\t\t\t<div class=\"elementor-element elementor-element-7c9bf183 elementor-widget elementor-widget-image\" data-id=\"7c9bf183\" data-element_type=\"widget\" data-e-type=\"widget\" data-widget_type=\"image.default\">\n\t\t\t\t\t\t\t\t\t\t\t\t\t\t\t<img loading=\"lazy\" decoding=\"async\" width=\"960\" height=\"640\" src=\"https:\/\/urbantur.com.mx\/wp-content\/uploads\/2025\/10\/playground001a-1024x683.jpg\" class=\"attachment-large size-large wp-image-972\" alt=\"\" srcset=\"https:\/\/urbantur.com.mx\/wp-content\/uploads\/2025\/10\/playground001a-1024x683.jpg 1024w, https:\/\/urbantur.com.mx\/wp-content\/uploads\/2025\/10\/playground001a-300x200.jpg 300w, https:\/\/urbantur.com.mx\/wp-content\/uploads\/2025\/10\/playground001a-768x512.jpg 768w, https:\/\/urbantur.com.mx\/wp-content\/uploads\/2025\/10\/playground001a.jpg 1500w\" sizes=\"(max-width: 960px) 100vw, 960px\" \/>\t\t\t\t\t\t\t\t\t\t\t\t\t\t\t<\/div>\n\t\t\t\t\t<\/div>\n\t\t<\/div>\n\t\t\t\t\t<\/div>\n\t\t<\/section>\n\t\t<div class=\"elementor-element elementor-element-76a10d3 e-flex e-con-boxed wpr-particle-no wpr-jarallax-no wpr-parallax-no wpr-sticky-section-no e-con e-parent\" data-id=\"76a10d3\" data-element_type=\"container\" data-e-type=\"container\">\n\t\t\t\t\t<div class=\"e-con-inner\">\n\t\t\t\t<div class=\"elementor-element elementor-element-7598867 elementor-widget elementor-widget-spacer\" data-id=\"7598867\" data-element_type=\"widget\" data-e-type=\"widget\" data-widget_type=\"spacer.default\">\n\t\t\t\t\t\t\t<div class=\"elementor-spacer\">\n\t\t\t<div class=\"elementor-spacer-inner\"><\/div>\n\t\t<\/div>\n\t\t\t\t\t\t<\/div>\n\t\t\t\t\t<\/div>\n\t\t\t\t<\/div>\n\t\t\t\t<section class=\"elementor-section elementor-top-section elementor-element elementor-element-a35989e elementor-section-height-min-height elementor-section-boxed elementor-section-height-default elementor-section-items-middle wpr-particle-no wpr-jarallax-no wpr-parallax-no wpr-sticky-section-no\" data-id=\"a35989e\" data-element_type=\"section\" data-e-type=\"section\" data-settings=\"{&quot;background_background&quot;:&quot;classic&quot;}\">\n\t\t\t\t\t\t\t<div class=\"elementor-background-overlay\"><\/div>\n\t\t\t\t\t\t\t<div class=\"elementor-container elementor-column-gap-default\">\n\t\t\t\t\t<div class=\"elementor-column elementor-col-100 elementor-top-column elementor-element elementor-element-ce00dfe\" data-id=\"ce00dfe\" data-element_type=\"column\" data-e-type=\"column\">\n\t\t\t<div class=\"elementor-widget-wrap elementor-element-populated\">\n\t\t\t\t\t\t<div class=\"elementor-element elementor-element-cf51654 elementor-widget elementor-widget-heading\" data-id=\"cf51654\" data-element_type=\"widget\" data-e-type=\"widget\" data-widget_type=\"heading.default\">\n\t\t\t\t\t<h2 class=\"elementor-heading-title elementor-size-default\">Somos su mejor opci\u00f3n<\/h2>\t\t\t\t<\/div>\n\t\t\t\t<div class=\"elementor-element elementor-element-f3d2afe elementor-widget elementor-widget-text-editor\" data-id=\"f3d2afe\" data-element_type=\"widget\" data-e-type=\"widget\" data-widget_type=\"text-editor.default\">\n\t\t\t\t\t\t\t\t\t<p><span style=\"font-weight: 400;\">Nuestros productos est\u00e1n dise\u00f1ados para <\/span><b>integrarse al entorno urbano<\/b><span style=\"font-weight: 400;\">, resistir el uso intensivo y generar espacios que <\/span><b>invitan a jugar, ejercitarse y convivir<\/b><span style=\"font-weight: 400;\">, aportando valor social y funcional a cada proyecto.<\/span><\/p>\t\t\t\t\t\t\t\t<\/div>\n\t\t\t\t<div class=\"elementor-element elementor-element-2eb0662 elementor-widget-divider--view-line elementor-widget elementor-widget-divider\" data-id=\"2eb0662\" data-element_type=\"widget\" data-e-type=\"widget\" data-widget_type=\"divider.default\">\n\t\t\t\t\t\t\t<div class=\"elementor-divider\">\n\t\t\t<span class=\"elementor-divider-separator\">\n\t\t\t\t\t\t<\/span>\n\t\t<\/div>\n\t\t\t\t\t\t<\/div>\n\t\t\t\t\t<\/div>\n\t\t<\/div>\n\t\t\t\t\t<\/div>\n\t\t<\/section>\n\t\t\t\t<\/div>\n\t\t","protected":false},"excerpt":{"rendered":"<p>Mobiliario Urbano Infantil Recreativo Deportivo Somos expertos en equipamiento para espacios al aire libre. Creamos entornos Seguros Dise\u00f1amos, fabricamos e instalamos mobiliario urbano para espacios p\u00fablicos y privados, enfocado en el juego, la recreaci\u00f3n y la actividad f\u00edsica, con altos est\u00e1ndares de seguridad, durabilidad y funcionalidad. Nuestros productos est\u00e1n pensados para parques, escuelas, fraccionamientos, desarrollos habitacionales y espacios comunitarios que buscan entornos seguros, inclusivos y bien planeados. Trabajamos con materiales resistentes a la intemperie y procesos que garantizan una larga vida \u00fatil, incluso en condiciones de uso intensivo. Soluciones Integrales Mobiliario Infantil Juegos dise\u00f1ados para estimular el movimiento, la creatividad y la convivencia, adecuados para distintas etapas de desarrollo. Juegos modulares, columpios, resbaladillas y opciones inclusivas, fabricados con materiales seguros y resistentes. Mobiliario recreativo urbano Elementos que complementan y ordenan el espacio p\u00fablico, como bancas, mesas, p\u00e9rgolas y mobiliario de descanso. Dise\u00f1os sobrios y funcionales que favorecen la convivencia y el uso prolongado de \u00e1reas comunes. Equipamiento deportivo Aparatos y estructuras para la actividad f\u00edsica al aire libre, como gimnasios urbanos, estaciones de calistenia y equipamiento para canchas. Pensados para uso comunitario y de bajo mantenimiento. Espacios confiables para todos los usuarios La seguridad es un eje central en el desarrollo de cada uno de nuestros productos. Nuestro mobiliario cumple con normativas nacionales e internacionales aplicables a equipamiento urbano e infantil, garantizando un uso seguro para ni\u00f1os, j\u00f3venes y adultos. Utilizamos materiales no t\u00f3xicos, sistemas de anclaje adecuados y acabados dise\u00f1ados para resistir el desgaste, la humedad y la exposici\u00f3n solar. En el caso de \u00e1reas infantiles, consideramos zonas de impacto, alturas, distancias y superficies amortiguantes para reducir riesgos. Adem\u00e1s, cada proyecto contempla criterios de accesibilidad e inclusi\u00f3n, promoviendo espacios que puedan ser utilizados por la mayor cantidad de personas posible. \u00bfQu\u00e9 tipo de mobiliario necesitas? Tomamos en consideraci\u00f3n las necesidades de tu proyecto para ofrecer la mejor soluci\u00f3n de mobiliario. Saber M\u00e1s Somos su mejor opci\u00f3n Nuestros productos est\u00e1n dise\u00f1ados para integrarse al entorno urbano, resistir el uso intensivo y generar espacios que invitan a jugar, ejercitarse y convivir, aportando valor social y funcional a cada proyecto.<\/p>\n","protected":false},"author":1,"featured_media":0,"parent":0,"menu_order":0,"comment_status":"closed","ping_status":"closed","template":"elementor_canvas","meta":{"footnotes":""},"class_list":["post-376","page","type-page","status-publish","hentry"],"jetpack_sharing_enabled":true,"_links":{"self":[{"href":"https:\/\/urbantur.com.mx\/index.php\/wp-json\/wp\/v2\/pages\/376","targetHints":{"allow":["GET"]}}],"collection":[{"href":"https:\/\/urbantur.com.mx\/index.php\/wp-json\/wp\/v2\/pages"}],"about":[{"href":"https:\/\/urbantur.com.mx\/index.php\/wp-json\/wp\/v2\/types\/page"}],"author":[{"embeddable":true,"href":"https:\/\/urbantur.com.mx\/index.php\/wp-json\/wp\/v2\/users\/1"}],"replies":[{"embeddable":true,"href":"https:\/\/urbantur.com.mx\/index.php\/wp-json\/wp\/v2\/comments?post=376"}],"version-history":[{"count":114,"href":"https:\/\/urbantur.com.mx\/index.php\/wp-json\/wp\/v2\/pages\/376\/revisions"}],"predecessor-version":[{"id":1214,"href":"https:\/\/urbantur.com.mx\/index.php\/wp-json\/wp\/v2\/pages\/376\/revisions\/1214"}],"wp:attachment":[{"href":"https:\/\/urbantur.com.mx\/index.php\/wp-json\/wp\/v2\/media?parent=376"}],"curies":[{"name":"wp","href":"https:\/\/api.w.org\/{rel}","templated":true}]}}