{"id":1369,"date":"2026-02-13T01:38:38","date_gmt":"2026-02-13T01:38:38","guid":{"rendered":"https:\/\/urbantur.com.mx\/?post_type=product&#038;p=1369"},"modified":"2026-02-13T03:31:03","modified_gmt":"2026-02-13T03:31:03","slug":"juego-clasico-infantil-con-luz","status":"publish","type":"product","link":"https:\/\/urbantur.com.mx\/index.php\/producto\/juego-clasico-infantil-con-luz\/","title":{"rendered":"Juego Cl\u00e1sico Infantil con Luz"},"content":{"rendered":"<p>De 5.95 m x 5.40 m x 4.74 m. Zona de uso: 8.95 m x 8.40 m.<\/p>\n<p>Juego infantil cl\u00e1sico con luz que contiene; 1 luminaria solar de 30 watts, 1 resbaladilla espiral, 2 resbaladillas curvas, 1 trepador curvo de pl\u00e1stico, 1 bongos musicales, 1 panel twister, 1 panel did\u00e1ctico, 2 paneles diagonales. Acabado en pintura electrost\u00e1tica, libre de metales pesados, que garantiza una mayor durabilidad del producto. Componentes de pl\u00e1stico de alta densidad con protecci\u00f3n UV.<\/p>\n","protected":false},"excerpt":{"rendered":"<p>De 5.95 m x 5.40 m x 4.74 m. Zona de uso: 8.95 m x 8.40 m. Juego infantil cl\u00e1sico con luz que contiene; 1 luminaria solar de 30 watts, 1 resbaladilla espiral, 2 resbaladillas curvas, 1 trepador curvo de pl\u00e1stico, 1 bongos musicales, 1 panel twister, 1 panel did\u00e1ctico, 2 paneles diagonales. Acabado en pintura electrost\u00e1tica, libre de metales pesados, que garantiza una mayor durabilidad del producto. Componentes de pl\u00e1stico de alta densidad con protecci\u00f3n UV.<\/p>\n","protected":false},"featured_media":1370,"comment_status":"open","ping_status":"closed","template":"","meta":[],"product_brand":[],"product_cat":[25,27],"product_tag":[],"class_list":{"0":"post-1369","1":"product","2":"type-product","3":"status-publish","4":"has-post-thumbnail","6":"product_cat-infantil","7":"product_cat-urbano","9":"first","10":"instock","11":"shipping-taxable","12":"product-type-simple"},"jetpack_sharing_enabled":true,"_links":{"self":[{"href":"https:\/\/urbantur.com.mx\/index.php\/wp-json\/wp\/v2\/product\/1369","targetHints":{"allow":["GET"]}}],"collection":[{"href":"https:\/\/urbantur.com.mx\/index.php\/wp-json\/wp\/v2\/product"}],"about":[{"href":"https:\/\/urbantur.com.mx\/index.php\/wp-json\/wp\/v2\/types\/product"}],"replies":[{"embeddable":true,"href":"https:\/\/urbantur.com.mx\/index.php\/wp-json\/wp\/v2\/comments?post=1369"}],"wp:featuredmedia":[{"embeddable":true,"href":"https:\/\/urbantur.com.mx\/index.php\/wp-json\/wp\/v2\/media\/1370"}],"wp:attachment":[{"href":"https:\/\/urbantur.com.mx\/index.php\/wp-json\/wp\/v2\/media?parent=1369"}],"wp:term":[{"taxonomy":"product_brand","embeddable":true,"href":"https:\/\/urbantur.com.mx\/index.php\/wp-json\/wp\/v2\/product_brand?post=1369"},{"taxonomy":"product_cat","embeddable":true,"href":"https:\/\/urbantur.com.mx\/index.php\/wp-json\/wp\/v2\/product_cat?post=1369"},{"taxonomy":"product_tag","embeddable":true,"href":"https:\/\/urbantur.com.mx\/index.php\/wp-json\/wp\/v2\/product_tag?post=1369"}],"curies":[{"name":"wp","href":"https:\/\/api.w.org\/{rel}","templated":true}]}}